{"id":173,"date":"2015-06-06T17:33:41","date_gmt":"2015-06-06T15:33:41","guid":{"rendered":"http:\/\/laostiaputapoetica.noblogs.org\/?page_id=173"},"modified":"2016-09-22T14:07:02","modified_gmt":"2016-09-22T12:07:02","slug":"las-libelulas-nocturnas","status":"publish","type":"page","link":"https:\/\/laostiaputapoetica.noblogs.org\/?page_id=173","title":{"rendered":"Las Lib\u00e9lulas nocturnas."},"content":{"rendered":"<h4 align=\"CENTER\"><strong><em><span style=\"text-decoration: underline\">Las Lib\u00e9lulas nocturnas.<\/span><\/em><\/strong><\/h4>\n<blockquote>\n<p style=\"text-align: right\">A Toche<\/p>\n<\/blockquote>\n<h4 align=\"CENTER\"><\/h4>\n<p style=\"text-align: left;padding-left: 30px\" align=\"CENTER\"><em>Las miradas perdidas<\/em><\/p>\n<p style=\"padding-left: 30px\"><em>por una canci\u00f3n olvidada en la brisa del atardecer.<\/em><\/p>\n<p style=\"padding-left: 30px\"><em>Corazones podridos por flores marchitadas.<\/em><\/p>\n<p style=\"padding-left: 30px\"><em>Son como lib\u00e9lulas nocturnas,<\/em><\/p>\n<p style=\"padding-left: 30px\"><em>viajeras incansables ilustrando miradas.<\/em><\/p>\n<p style=\"padding-left: 30px\"><em>Vuestras penas anhelan un miedo atormentado.<\/em><\/p>\n<p style=\"padding-left: 30px\"><em>Corazones rotos que escapan del viento<\/em><\/p>\n<p style=\"padding-left: 30px\"><em>vac\u00edos de gotas de sangre colmadas en vino.<\/em><\/p>\n<p style=\"padding-left: 30px\"><em>Imposible no esperar ese final programado,<\/em><\/p>\n<p style=\"padding-left: 30px\"><em>siendo posible no gritar entre las l\u00edneas de este cuento.<\/em><\/p>\n<p style=\"padding-left: 30px\"><em>El odio, ha sido encontrado donde las naciones se desencadenaban<\/em><\/p>\n<p style=\"padding-left: 30px\"><em>y el amor es un suced\u00e1neo de bufonada y reclamo.<\/em><\/p>\n<p style=\"padding-left: 30px\"><em>Las miradas se entrecruzan desnudando la apariencia.<\/em><\/p>\n<p style=\"padding-left: 30px\"><em>Emergiendo el deseo correspondido,<\/em><\/p>\n<p style=\"padding-left: 30px\"><em>donde nace y muere la decencia.<\/em><\/p>\n<p style=\"padding-left: 30px\"><em>Decadentes,<\/em><\/p>\n<p style=\"padding-left: 30px\"><em>hombres y mujeres<\/em><\/p>\n<p style=\"padding-left: 30px\"><em>de la tierra bald\u00eda,<\/em><\/p>\n<p style=\"padding-left: 30px\"><em>transformadas en lib\u00e9lulas nocturnas,<\/em><\/p>\n<p style=\"padding-left: 30px\"><em>que se miran incansables.<\/em><\/p>\n<p style=\"padding-left: 30px\"><em>Vuelan ilusionadas hacia el final de sus vidas,<\/em><\/p>\n<p style=\"padding-left: 30px\"><em>creyendo que su gu\u00eda les velar\u00e1 por siempre.<\/em><\/p>\n<p style=\"padding-left: 30px\"><em>Caen hojas al amanecer<\/em><\/p>\n<p style=\"padding-left: 30px\"><em>y los ojos lloran -vienen ocult\u00e1ndose-<\/em><\/p>\n<p style=\"padding-left: 30px\"><em>donde las golondrinas duermen el anochecer<\/em><\/p>\n<p style=\"padding-left: 30px\"><em>y dos corazones mueren abraz\u00e1ndose.<\/em><\/p>\n<p style=\"padding-left: 30px\"><em>Es una melod\u00eda triste<\/em><\/p>\n<p style=\"padding-left: 30px\"><em>aunque s\u00f3lo la dejamos marchar<\/em><\/p>\n<p style=\"padding-left: 30px\"><em>porque a cara perro persiste<\/em><\/p>\n<p style=\"padding-left: 30px\"><em>all\u00e1 donde s\u00f3lo los piojos quieren llegar.<\/em><\/p>\n","protected":false},"excerpt":{"rendered":"<p>Las Lib\u00e9lulas nocturnas. A Toche Las miradas perdidas por una canci\u00f3n olvidada en la brisa del atardecer. Corazones podridos por flores marchitadas. Son como lib\u00e9lulas nocturnas, viajeras incansables ilustrando miradas. Vuestras penas anhelan un miedo atormentado. Corazones rotos que escapan del viento vac\u00edos de gotas de sangre colmadas en vino. Imposible no esperar ese final [&hellip;]<\/p>\n","protected":false},"author":9590,"featured_media":202,"parent":0,"menu_order":4,"comment_status":"open","ping_status":"open","template":"","meta":{"footnotes":""},"class_list":["post-173","page","type-page","status-publish","hentry"],"_links":{"self":[{"href":"https:\/\/laostiaputapoetica.noblogs.org\/index.php?rest_route=\/wp\/v2\/pages\/173","targetHints":{"allow":["GET"]}}],"collection":[{"href":"https:\/\/laostiaputapoetica.noblogs.org\/index.php?rest_route=\/wp\/v2\/pages"}],"about":[{"href":"https:\/\/laostiaputapoetica.noblogs.org\/index.php?rest_route=\/wp\/v2\/types\/page"}],"author":[{"embeddable":true,"href":"https:\/\/laostiaputapoetica.noblogs.org\/index.php?rest_route=\/wp\/v2\/users\/9590"}],"replies":[{"embeddable":true,"href":"https:\/\/laostiaputapoetica.noblogs.org\/index.php?rest_route=%2Fwp%2Fv2%2Fcomments&post=173"}],"version-history":[{"count":7,"href":"https:\/\/laostiaputapoetica.noblogs.org\/index.php?rest_route=\/wp\/v2\/pages\/173\/revisions"}],"predecessor-version":[{"id":1165,"href":"https:\/\/laostiaputapoetica.noblogs.org\/index.php?rest_route=\/wp\/v2\/pages\/173\/revisions\/1165"}],"wp:featuredmedia":[{"embeddable":true,"href":"https:\/\/laostiaputapoetica.noblogs.org\/index.php?rest_route=\/wp\/v2\/media\/202"}],"wp:attachment":[{"href":"https:\/\/laostiaputapoetica.noblogs.org\/index.php?rest_route=%2Fwp%2Fv2%2Fmedia&parent=173"}],"curies":[{"name":"wp","href":"https:\/\/api.w.org\/{rel}","templated":true}]}}